and k?
8
Suppose 5*s - 703 = 4*g, -g - 158 = -s - 18. What is the highest common factor of 13 and s?
13
Suppose 0*o = -5*o. Suppose o*g = 2*g + 16. Let w be g/10*(-10)/4. Calculate the greatest common factor of 22 and w.
2
Suppose 4 = -4*b + 8*b - 2*d, -2 = 2*b + d. Let s be 75 + 1 + b + 1. What is the greatest common divisor of 11 and s?
11
Let m = 19 - 5. Calculate the highest common factor of m and 336.
14
Let x be 3/(-1 + 0) + 1. Let s be 7*(x + (-438)/(-21)). Suppose -s = -5*l + k, -k + 2*k - 24 = -l. Calculate the highest common divisor of 13 and l.
13
Let b = 3 - 0. Suppose -2*w - 5*h = 3 + 2, 3 = w - b*h. Suppose -5*s - 3 = -0*c - c, w = 5*c - 4*s - 15. What is the highest common factor of c and 24?
3
Let h be 4 - (320/24)/((-2)/6). What is the greatest common divisor of 572 and h?
44
Let n = -668 - -872. What is the highest common divisor of 340 and n?
68
Suppose 1641*y = 1642*y - 73. Calculate the highest common divisor of 3869 and y.
73
Let p be ((1350/(-189))/(15/35))/(2/(-3)). Let v be (60/(-3))/((-2)/25). What is the highest common factor of v and p?
25
Suppose 0 = t - 20 - 6. Suppose -2*c = -2*a + 46, -5*c - a = 35 + 98. Let m = -13 - c. Calculate the highest common divisor of t and m.
13
Let q = 2008 + -634. Let j be (-3 - q/(-6)) + (1 - 3). What is the greatest common factor of 28 and j?
28
Let j be (-1)/3 + (-30)/18. Let i be ((-8)/3)/(j/18). Calculate the highest common factor of 6 and i.
6
Let j = -304 - -1904. What is the highest common factor of 64 and j?
64
Let c = -13 - -15. Let x(z) = 0*z + z - z**2 + 2*z**2 - 1. Let t be x(c). What is the greatest common divisor of 45 and t?
5
Let d(s) = -s**3 + 6*s**2 + 5. Let h be d(5). Suppose 3*i + 2*i - h = 0. Let n = 2275 + -2221. What is the highest common factor of n and i?
6
Let y be 2/(-28) + -3252*(-7)/392. What is the greatest common factor of 8 and y?
2
Let u be 67 + -1 + 2 + 18/(-6). Let i = -63 + u. What is the highest common divisor of i and 4?
2
Let z(g) = -11*g + 75. Let s(f) = f**3 + 6*f**2 - 2*f - 12. Let k be s(-6). Let h be z(k). Calculate the greatest common factor of 30 and h.
15
Let z = -32 - -39. Let p = 2 + z. Calculate the highest common divisor of p and 3.
3
Let n(d) be the first derivative of -d**2 - 5*d - 8. Let s be n(-13). Let c = 8 - 1. What is the highest common factor of s and c?
7
Suppose 0*a = 3*a - 441. Suppose -80 = -3*y - 26. Let g = y + 3. Calculate the highest common factor of a and g.
21
Let k(b) = 4*b**2 + b - 5. Let x be k(4). Let u be x/12*72/2. Suppose 0 = -f - 4*f - 3*c + 102, f - 24 = 3*c. What is the greatest common divisor of u and f?
21
Let t(a) = -28*a - 102. Let q be t(-5). What is the greatest common divisor of 418 and q?
38
Let y be (1 + 4/(-3))*-36. Let b = 2 + y. What is the greatest common divisor of b and 154?
14
Suppose 7*d - 7 - 28 = 0. Suppose -5*i = -3*l - 2 - 8, -5*l = -d*i. Calculate the greatest common divisor of l and 2.
1
Let q = -1074 - -1119. Calculate the greatest common factor of q and 5760.
45
Suppose n = 3 + 6. Suppose 9*h - 219 + 192 = 0. Calculate the highest common factor of h and n.
3
Let u = 0 - -61. Let p = -27 + u. Calculate the highest common factor of 153 and p.
17
Suppose -3*u + 78 = 4*w, -5*w + 2*u + 107 - 21 = 0. Let q = -928 - -1054. What is the greatest common divisor of q and w?
18
Suppose 146*a - 56 = 144*a. Calculate the highest common divisor of 70 and a.
14
Let f(c) = 13*c + 135. Let m be f(-8). Calculate the highest common factor of m and 62.
31
Let s be (66 - 70)/(2/68*-1). Suppose 3*n = -3*u + 60, 0 = 2*u + 3*u - 5*n - 70. What is the greatest common factor of s and u?
17
Let i(m) = -m**3 - 5*m**2 - 9*m - 1. Let k be i(-3). Suppose 11 = o - 0. Suppose o = 3*w - 13. What is the highest common divisor of k and w?
8
Suppose 0 = 4*c - 3*p - 24, -5*c + p - 5 = -24. Suppose -r + d - 3*d = -6, 4 = r + d. Calculate the greatest common factor of r and c.
1
Suppose -246 = -3*y - 8*a + 4*a, 82 = y + a. What is the highest common factor of y and 1394?
82
Suppose 352 = 22*h - 308. What is the highest common factor of h and 375?
15
Let a(o) be the first derivative of 1/4*o**4 + 2*o - 6 + 0*o**2 + 3*o**3. Let n be a(-6). Calculate the highest common divisor of n and 22.
22
Suppose m - 7 = 1. Let j be 4/m + (-111)/(-6). Let c = -9 + j. Calculate the greatest common factor of 5 and c.
5
Let z = 442 + -241. Let c = -91 + z. Let w be 3/((-9)/(-6))*22. What is the greatest common factor of c and w?
22
Suppose -4*m + 50 = -2*q, 8 - 24 = -2*m - 2*q. Let s(k) = -k + 11. Let u be s(0). What is the greatest common divisor of u and m?
11
Suppose 0 = 5*r + 6*r - 143. Let n(y) = y**3 - 7*y**2 - 2*y - 1. Let q be n(9). What is the highest common factor of q and r?
13
Let h be -2 + (-4)/16*0. Let d be 11/(-2)*h/1. Let z be 24/(-12) + (91 - 1). What is the greatest common divisor of z and d?
11
Suppose 3*k - 7*k + 56 = 0. Let q(r) = 2*r + 22. Let f be q(0). Let c = -8 + f. What is the greatest common factor of k and c?
14
Suppose -2*x - 294 + 784 = 0. What is the greatest common divisor of x and 49?
49
Let n be -5 + 20*2*1/2. What is the greatest common divisor of 95 and n?
5
Suppose -16 = -2*k + k. Let m be -20 + 26 + (1 - -5). Suppose o - h + m = 3*o, h = o - 12. Calculate the greatest common divisor of o and k.
8
Let u(g) = g**3 + 8*g**2 - 2*g - 7. Let b = -125 + 117. Let t be u(b). What is the highest common factor of t and 6?
3
Let p = -8 - -27. Let t = 58 - p. Calculate the greatest common factor of t and 65.
13
Let x be (-3)/(-2) + 48/32. Suppose -c - 4*h + 3*h = -4, -12 = -5*c - x*h. Let v be 20/8*(c + 2). Calculate the greatest common factor of v and 40.
5
Let g(w) = -4*w + 19. Let q be g(-13). Let z = 50 + q. Calculate the greatest common divisor of z and 22.
11
Suppose -8*m = -m - 21. Suppose 37 + 2 = m*k. What is the highest common divisor of k and 13?
13
Suppose -2*m - 13 = 3. Let f = 14 + m. What is the greatest common factor of f and 6?
6
Let a(u) = 18*u**2 - 3*u + 4. Let w be 3/6 - (-21)/(-6). Let i be a(w). Suppose -5*h + 125 = -i. What is the greatest common factor of h and 20?
20
Suppose -13*b + 24 = -275. What is the greatest common divisor of 506 and b?
23
Let s(x) = 24*x**2 + 3*x - 3. Let r be s(2). Let c(i) = -i**2 - 3*i + 315. Let y be c(-19). Calculate the highest common factor of y and r.
11
Let i be 9/(-5)*(-15 + 5). What is the greatest common divisor of 9 and i?
9
Suppose -2*p - p = -15, d = 5*p - 24. Calculate the greatest common divisor of d and 11.
1
Suppose -2 = i - 4*h, 5*i + 0*h - 7 = 3*h. Let p(q) = q**3 + 2*q**i - 6*q**2 - 4*q + 3*q - 8. Let r be p(5). Calculate the highest common divisor of 8 and r.
4
Suppose -5*s = 4*i - 81, -4*i = i + 4*s - 90. Let r be (-35)/i*28/(-5). Let z = 26 - r. What is the greatest common divisor of 96 and z?
12
Suppose 0 = 118*l - 109*l - 11214. What is the greatest common divisor of l and 89?
89
Let i(d) = -d**3 - 2*d - 1. Let s be i(0). Let v be s/(-2)*(-10 - -12). Calculate the greatest common divisor of 8 and v.
1
Suppose 0*v = 4*v - w - 49, 3*w = 3*v - 30. Suppose 5*t - 77 = v. Let o be -2*12/20 + (-1)/((-15)/423). What is the greatest common factor of t and o?
9
Suppose 3*o - 4*p = 1318, -1758 = -4*o + p + 4*p. What is the highest common divisor of o and 26?
26
Suppose -2*c - 10 = 3*c, 62 = 4*r + 5*c. Suppose 7*s - 438 = 2*s + 4*x, 4*s - 3*x - 351 = 0. Calculate the greatest common divisor of s and r.
18
Let a(i) = 2*i - 6. Let s be a(3). Suppose s = -o + 2*l + 15, o - 24 + 0 = -l. What is the greatest common factor of 189 and o?
21
Let x(z) = -11*z**2 + z. Let v be x(-1). Let p be (v/4)/((-3)/45). Suppose 0 = -8*a + 11*a - 27. Calculate the highest common divisor of a and p.
9
Let m be (75/(-125))/((-2)/140). What is the highest common factor of 966 and m?
42
Suppose -8*f = -3*f - 1670. Let b = f - 70. What is the highest common divisor of 33 and b?
33
Let q = 55 + -31. Let i be (6/6)/(-1 - 0). Let l(h) = 59*h**2 - 3*h - 2. Let y be l(i). What is the greatest common divisor of q and y?
12
Let x(a) = -4*a**3 + a**2 - a + 1. Let t be x(1). Let l = t + 5. Let h be (3 - 11)/(l/(-3)). Calculate the highest common factor of h and 18.
6
Let c(h) = 8*h + 15. Suppose -5*a = -5 - 5. Let j be c(a). What is the greatest common factor of 248 and j?
31
Sup